{"id":73,"date":"2020-06-26T20:52:20","date_gmt":"2020-06-26T20:52:20","guid":{"rendered":"http:\/\/qigong-zentrum-muc.de\/?page_id=73"},"modified":"2025-01-21T15:34:15","modified_gmt":"2025-01-21T15:34:15","slug":"meister-huang-huanlin","status":"publish","type":"page","link":"https:\/\/qigong-zentrum-muc.de\/?page_id=73","title":{"rendered":"Meister Huang Huanlin"},"content":{"rendered":"\t\t<div data-elementor-type=\"wp-page\" data-elementor-id=\"73\" class=\"elementor elementor-73\">\n\t\t\t\t\t\t<section class=\"elementor-section elementor-top-section elementor-element elementor-element-d80f526 elementor-section-boxed elementor-section-height-default elementor-section-height-default\" data-id=\"d80f526\" data-element_type=\"section\">\n\t\t\t\t\t\t<div class=\"elementor-container elementor-column-gap-default\">\n\t\t\t\t\t<div class=\"elementor-column elementor-col-100 elementor-top-column elementor-element elementor-element-d57db7a\" data-id=\"d57db7a\" data-element_type=\"column\">\n\t\t\t<div class=\"elementor-widget-wrap elementor-element-populated\">\n\t\t\t\t\t\t<div class=\"elementor-element elementor-element-c4a5927 elementor-widget elementor-widget-image\" data-id=\"c4a5927\" data-element_type=\"widget\" data-widget_type=\"image.default\">\n\t\t\t\t<div class=\"elementor-widget-container\">\n\t\t\t\t\t\t\t\t\t\t\t\t\t\t\t<img fetchpriority=\"high\" decoding=\"async\" width=\"1980\" height=\"700\" src=\"https:\/\/qigong-zentrum-muc.de\/wp-content\/uploads\/2020\/06\/Header_KurseSeminare.jpg\" class=\"attachment-full size-full wp-image-167\" alt=\"\" srcset=\"https:\/\/qigong-zentrum-muc.de\/wp-content\/uploads\/2020\/06\/Header_KurseSeminare.jpg 1980w, https:\/\/qigong-zentrum-muc.de\/wp-content\/uploads\/2020\/06\/Header_KurseSeminare-300x106.jpg 300w, https:\/\/qigong-zentrum-muc.de\/wp-content\/uploads\/2020\/06\/Header_KurseSeminare-1024x362.jpg 1024w, https:\/\/qigong-zentrum-muc.de\/wp-content\/uploads\/2020\/06\/Header_KurseSeminare-768x272.jpg 768w, https:\/\/qigong-zentrum-muc.de\/wp-content\/uploads\/2020\/06\/Header_KurseSeminare-1536x543.jpg 1536w\" sizes=\"(max-width: 1980px) 100vw, 1980px\" \/>\t\t\t\t\t\t\t\t\t\t\t\t\t\t\t<\/div>\n\t\t\t\t<\/div>\n\t\t\t\t\t<\/div>\n\t\t<\/div>\n\t\t\t\t\t<\/div>\n\t\t<\/section>\n\t\t\t\t<section class=\"elementor-section elementor-top-section elementor-element elementor-element-28b57fc elementor-section-boxed elementor-section-height-default elementor-section-height-default\" data-id=\"28b57fc\" data-element_type=\"section\">\n\t\t\t\t\t\t<div class=\"elementor-container elementor-column-gap-default\">\n\t\t\t\t\t<div class=\"elementor-column elementor-col-100 elementor-top-column elementor-element elementor-element-d68af3d\" data-id=\"d68af3d\" data-element_type=\"column\">\n\t\t\t<div class=\"elementor-widget-wrap elementor-element-populated\">\n\t\t\t\t\t\t<div class=\"elementor-element elementor-element-c3b3a2b elementor-widget elementor-widget-spacer\" data-id=\"c3b3a2b\" data-element_type=\"widget\" data-widget_type=\"spacer.default\">\n\t\t\t\t<div class=\"elementor-widget-container\">\n\t\t\t\t\t\t\t<div class=\"elementor-spacer\">\n\t\t\t<div class=\"elementor-spacer-inner\"><\/div>\n\t\t<\/div>\n\t\t\t\t\t\t<\/div>\n\t\t\t\t<\/div>\n\t\t\t\t\t<\/div>\n\t\t<\/div>\n\t\t\t\t\t<\/div>\n\t\t<\/section>\n\t\t\t\t<section class=\"elementor-section elementor-top-section elementor-element elementor-element-b6b3b82 elementor-section-boxed elementor-section-height-default elementor-section-height-default\" data-id=\"b6b3b82\" data-element_type=\"section\">\n\t\t\t\t\t\t<div class=\"elementor-container elementor-column-gap-default\">\n\t\t\t\t\t<div class=\"elementor-column elementor-col-50 elementor-top-column elementor-element elementor-element-90c9683\" data-id=\"90c9683\" data-element_type=\"column\">\n\t\t\t<div class=\"elementor-widget-wrap elementor-element-populated\">\n\t\t\t\t\t\t<div class=\"elementor-element elementor-element-bf7110c elementor-widget elementor-widget-image\" data-id=\"bf7110c\" data-element_type=\"widget\" data-widget_type=\"image.default\">\n\t\t\t\t<div class=\"elementor-widget-container\">\n\t\t\t\t\t\t\t\t\t\t\t\t\t\t\t<img decoding=\"async\" width=\"189\" height=\"273\" src=\"https:\/\/qigong-zentrum-muc.de\/wp-content\/uploads\/2020\/06\/MeisterHuang.png\" class=\"attachment-large size-large wp-image-20\" alt=\"\" \/>\t\t\t\t\t\t\t\t\t\t\t\t\t\t\t<\/div>\n\t\t\t\t<\/div>\n\t\t\t\t\t<\/div>\n\t\t<\/div>\n\t\t\t\t<div class=\"elementor-column elementor-col-50 elementor-top-column elementor-element elementor-element-c5d30ba\" data-id=\"c5d30ba\" data-element_type=\"column\">\n\t\t\t<div class=\"elementor-widget-wrap elementor-element-populated\">\n\t\t\t\t\t\t<div class=\"elementor-element elementor-element-983d010 elementor-widget elementor-widget-text-editor\" data-id=\"983d010\" data-element_type=\"widget\" data-widget_type=\"text-editor.default\">\n\t\t\t\t<div class=\"elementor-widget-container\">\n\t\t\t\t\t\t\t\t\t<p>Meister Huang Huanlin wurde 1960 in Taiwan geboren. 1991 hat ihn Meister Li Zhi Chang als Meistersch\u00fcler angenommen. Seitdem erlangte er durch seinen intensiven \u00dcbungsweg des Qigong und der inneren Kultivierung besondere F\u00e4higkeiten, im Besonderen den Einsatz der Qi-Nadel zur Selbstregulierung.<\/p><p><strong data-rich-text-format-boundary=\"true\">Qi Dao \u2013 der Weg des Qi statt<br data-rich-text-line-break=\"true\" \/>Was bedeutet Qi Dao, der Weg des Qi?<\/strong><\/p><p>Einfach gesagt ist es der Weg des \u00dcbens und Kultivierens des Qi, man kann es auch als die Welt oder Sph\u00e4re des Qi bezeichnen.<\/p>\t\t\t\t\t\t\t\t<\/div>\n\t\t\t\t<\/div>\n\t\t\t\t\t<\/div>\n\t\t<\/div>\n\t\t\t\t\t<\/div>\n\t\t<\/section>\n\t\t\t\t<section class=\"elementor-section elementor-top-section elementor-element elementor-element-112a473 elementor-section-boxed elementor-section-height-default elementor-section-height-default\" data-id=\"112a473\" data-element_type=\"section\">\n\t\t\t\t\t\t<div class=\"elementor-container elementor-column-gap-default\">\n\t\t\t\t\t<div class=\"elementor-column elementor-col-100 elementor-top-column elementor-element elementor-element-601889e\" data-id=\"601889e\" data-element_type=\"column\">\n\t\t\t<div class=\"elementor-widget-wrap elementor-element-populated\">\n\t\t\t\t\t\t<div class=\"elementor-element elementor-element-ace740c elementor-widget elementor-widget-text-editor\" data-id=\"ace740c\" data-element_type=\"widget\" data-widget_type=\"text-editor.default\">\n\t\t\t\t<div class=\"elementor-widget-container\">\n\t\t\t\t\t\t\t\t\t<p>Bewegung kultiviert den K\u00f6rper, Stille n\u00e4hrt die Wesensnatur. Im Prozess unserer Kultivierung darf keines von beiden fehlen. Durch die Entwicklung unserer F\u00e4higkeiten k\u00f6nnen wir unsere Lebensgewohnheiten \u00e4ndern, unsere Sichtweise der Entstehung und Behandlung von Krankheiten ver\u00e4ndern, und unsere Gewohnheiten der Abh\u00e4ngigkeit \u00e4ndern. Mit fortschreitender Zeit werden unsere F\u00e4higkeiten der Selbstregulierung und der Regeneration schw\u00e4cher und schlummern nur noch verborgen in uns. Durch Qigong und Selbstkultivierung k\u00f6nnen wir diese wiedererwecken und unsere F\u00e4higkeit der Selbstregulierung und unser Immunsystem wieder regenerieren. So k\u00f6nnen wir letztendlich den h\u00f6chsten Zustand erreichen, in dem wir Krankheiten selbst regulieren, behandeln und heilen k\u00f6nnen.<strong><br data-rich-text-line-break=\"true\" \/><br data-rich-text-line-break=\"true\" \/>\u00dcbungsinhalte<br data-rich-text-line-break=\"true\" \/><br data-rich-text-line-break=\"true\" \/><\/strong>Der Fokus meines Unterrichts liegt auf der Methode der \u201eSpontanen Bewegungen\u201c, die eine sehr tiefgr\u00fcndige \u00dcbungsmethode darstellt. Beim Prozess des \u00dcbens kommen entsprechend der verschiedenen Zust\u00e4nde und Bedingungen vielerlei F\u00e4higkeiten zum Vorschein. So sind beispielsweise das Regulieren von Qi, das Ermessen von Krankheiten, Kampfk\u00fcnste, das Ermessen der Eigenschaften von Heilkr\u00e4utern bis hin zur \u201eQi-Nadel\u201c allesamt F\u00e4higkeiten, mit denen ich in Ber\u00fchrung gekommen bin und die ich mir er\u00fcbt habe. Obwohl dies nat\u00fcrlich auch vom zeitlichen Aufwand und der Intensit\u00e4t des \u00dcbens abh\u00e4ngt, ist das Vertrauen in die \u00dcbungen noch wichtiger.<strong><br data-rich-text-line-break=\"true\" \/><br data-rich-text-line-break=\"true\" \/>\u00dcbungsausrichtung<\/strong><br data-rich-text-line-break=\"true\" \/><br data-rich-text-line-break=\"true\" \/>Eine Kultivierung und Regeneration von K\u00f6rper, Herz-Geist und Seele zu erreichen ist die Hauptausrichtung. Dabei ist die Gesundheit der Ausgangspunkt. Wir k\u00f6nnen erreichen, dass Qigong in unser Leben eintritt, das Leben dann unsere Haltung und Einstellung \u00e4ndert, diese Haltung<\/p>\t\t\t\t\t\t\t\t<\/div>\n\t\t\t\t<\/div>\n\t\t\t\t\t<\/div>\n\t\t<\/div>\n\t\t\t\t\t<\/div>\n\t\t<\/section>\n\t\t\t\t<section class=\"elementor-section elementor-top-section elementor-element elementor-element-74b5a7a elementor-section-boxed elementor-section-height-default elementor-section-height-default\" data-id=\"74b5a7a\" data-element_type=\"section\">\n\t\t\t\t\t\t<div class=\"elementor-container elementor-column-gap-default\">\n\t\t\t\t\t<div class=\"elementor-column elementor-col-100 elementor-top-column elementor-element elementor-element-3020947\" data-id=\"3020947\" data-element_type=\"column\">\n\t\t\t<div class=\"elementor-widget-wrap elementor-element-populated\">\n\t\t\t\t\t\t<div class=\"elementor-element elementor-element-ea9b8ac elementor-widget elementor-widget-spacer\" data-id=\"ea9b8ac\" data-element_type=\"widget\" data-widget_type=\"spacer.default\">\n\t\t\t\t<div class=\"elementor-widget-container\">\n\t\t\t\t\t\t\t<div class=\"elementor-spacer\">\n\t\t\t<div class=\"elementor-spacer-inner\"><\/div>\n\t\t<\/div>\n\t\t\t\t\t\t<\/div>\n\t\t\t\t<\/div>\n\t\t\t\t\t<\/div>\n\t\t<\/div>\n\t\t\t\t\t<\/div>\n\t\t<\/section>\n\t\t\t\t<section class=\"elementor-section elementor-top-section elementor-element elementor-element-9397a23 elementor-section-boxed elementor-section-height-default elementor-section-height-default\" data-id=\"9397a23\" data-element_type=\"section\">\n\t\t\t\t\t\t<div class=\"elementor-container elementor-column-gap-default\">\n\t\t\t\t\t<div class=\"elementor-column elementor-col-100 elementor-top-column elementor-element elementor-element-3d82a5b\" data-id=\"3d82a5b\" data-element_type=\"column\">\n\t\t\t<div class=\"elementor-widget-wrap elementor-element-populated\">\n\t\t\t\t\t\t<div class=\"elementor-element elementor-element-c5930f6 elementor-widget elementor-widget-heading\" data-id=\"c5930f6\" data-element_type=\"widget\" data-widget_type=\"heading.default\">\n\t\t\t\t<div class=\"elementor-widget-container\">\n\t\t\t\t\t<h2 class=\"elementor-heading-title elementor-size-default\">Selbstkultivierung durch Spontanes Qigong\n<br><div>Neuer Ausbildungslehrgang \n<br><\/div><div>mit Meister Huang Huanlin<\/div><\/h2>\t\t\t\t<\/div>\n\t\t\t\t<\/div>\n\t\t\t\t\t<\/div>\n\t\t<\/div>\n\t\t\t\t\t<\/div>\n\t\t<\/section>\n\t\t\t\t<section class=\"elementor-section elementor-top-section elementor-element elementor-element-697282e elementor-section-boxed elementor-section-height-default elementor-section-height-default\" data-id=\"697282e\" data-element_type=\"section\">\n\t\t\t\t\t\t<div class=\"elementor-container elementor-column-gap-default\">\n\t\t\t\t\t<div class=\"elementor-column elementor-col-100 elementor-top-column elementor-element elementor-element-5fc1cf6\" data-id=\"5fc1cf6\" data-element_type=\"column\">\n\t\t\t<div class=\"elementor-widget-wrap elementor-element-populated\">\n\t\t\t\t\t\t<div class=\"elementor-element elementor-element-fd5eca5 elementor-widget elementor-widget-text-editor\" data-id=\"fd5eca5\" data-element_type=\"widget\" data-widget_type=\"text-editor.default\">\n\t\t\t\t<div class=\"elementor-widget-container\">\n\t\t\t\t\t\t\t\t\t<p style=\"text-align: center;\"><strong data-rich-text-format-boundary=\"true\">\u201eDer Weg der Gesundheit, der Lebenspflege und des langen Lebens <\/strong><span data-rich-text-format-boundary=\"true\">\u00a0<\/span><strong>\u2013 Kultivierung des Qi&#8220;<\/strong><\/p>\t\t\t\t\t\t\t\t<\/div>\n\t\t\t\t<\/div>\n\t\t\t\t\t<\/div>\n\t\t<\/div>\n\t\t\t\t\t<\/div>\n\t\t<\/section>\n\t\t\t\t<section class=\"elementor-section elementor-top-section elementor-element elementor-element-eeb21b1 elementor-section-boxed elementor-section-height-default elementor-section-height-default\" data-id=\"eeb21b1\" data-element_type=\"section\">\n\t\t\t\t\t\t<div class=\"elementor-container elementor-column-gap-default\">\n\t\t\t\t\t<div class=\"elementor-column elementor-col-100 elementor-top-column elementor-element elementor-element-42a33b0\" data-id=\"42a33b0\" data-element_type=\"column\">\n\t\t\t<div class=\"elementor-widget-wrap elementor-element-populated\">\n\t\t\t\t\t\t<div class=\"elementor-element elementor-element-a04049e elementor-widget elementor-widget-text-editor\" data-id=\"a04049e\" data-element_type=\"widget\" data-widget_type=\"text-editor.default\">\n\t\t\t\t<div class=\"elementor-widget-container\">\n\t\t\t\t\t\t\t\t\t<p>Qi ist die Quelle des Lebens. Wie k\u00f6nnen wir Qi durchl\u00e4ssig werden lassen und transformieren, so dass es dem Leben dienlich ist? Erst wenn K\u00f6rper und Qi in Harmonie zueinander sind, kann wirklich die h\u00f6chste Ebene erreicht werden, in der auf nat\u00fcrliche Weise eine Verschmelzung stattfindet und wir Qi anwenden k\u00f6nnen. Ein \u201eRezept der Informations-Medizin\u201c ist ein Teilbereich der nat\u00fcrlichen Behandlungsmethoden . Mit der sogenannten \u201en\u00f6tigen Schicksalsf\u00fcgung zwischen einem Behandelnden und dem Behandelten \u201c ist auch dies gemeint. Wie k\u00f6nnen wir in der h\u00f6chsten Methode der Spontanen Bewegungen diese hohe und unermessliche Methode auffinden und erlernen? Mit diesen und weiteren Themen werden wir uns im Laufe der Ausbildung befassen.<\/p>\t\t\t\t\t\t\t\t<\/div>\n\t\t\t\t<\/div>\n\t\t\t\t\t<\/div>\n\t\t<\/div>\n\t\t\t\t\t<\/div>\n\t\t<\/section>\n\t\t\t\t<section class=\"elementor-section elementor-top-section elementor-element elementor-element-a7312a9 elementor-section-boxed elementor-section-height-default elementor-section-height-default\" data-id=\"a7312a9\" data-element_type=\"section\">\n\t\t\t\t\t\t<div class=\"elementor-container elementor-column-gap-default\">\n\t\t\t\t\t<div class=\"elementor-column elementor-col-100 elementor-top-column elementor-element elementor-element-08833d9\" data-id=\"08833d9\" data-element_type=\"column\">\n\t\t\t<div class=\"elementor-widget-wrap elementor-element-populated\">\n\t\t\t\t\t\t<div class=\"elementor-element elementor-element-1660613 elementor-widget elementor-widget-text-editor\" data-id=\"1660613\" data-element_type=\"widget\" data-widget_type=\"text-editor.default\">\n\t\t\t\t<div class=\"elementor-widget-container\">\n\t\t\t\t\t\t\t\t\t<p><span style=\"color: #ff6600;\">Meister Huang wird weiterhin regelm\u00e4\u00dfig Kurse in den ehemaligen R\u00e4umlichkeiten des ehemaligen Seminarhaus Gronsdorf sowie Onlinekurse anbieten. F\u00fcr weitere Informationen k\u00f6nnen Sie sich jederzeit \u00fcber unsere Kontaktseite an uns wenden.<\/span><\/p>\t\t\t\t\t\t\t\t<\/div>\n\t\t\t\t<\/div>\n\t\t\t\t\t<\/div>\n\t\t<\/div>\n\t\t\t\t\t<\/div>\n\t\t<\/section>\n\t\t\t\t<\/div>\n\t\t","protected":false},"excerpt":{"rendered":"<p>Meister Huang Huanlin wurde 1960 in Taiwan geboren. 1991 hat ihn Meister Li Zhi Chang als Meistersch\u00fcler angenommen. Seitdem erlangte er durch seinen intensiven \u00dcbungsweg des Qigong und der inneren Kultivierung besondere F\u00e4higkeiten, im Besonderen den Einsatz der Qi-Nadel zur Selbstregulierung. Qi Dao \u2013 der Weg des Qi stattWas bedeutet Qi Dao, der Weg des&hellip;<\/p>\n","protected":false},"author":1,"featured_media":0,"parent":0,"menu_order":0,"comment_status":"closed","ping_status":"closed","template":"","meta":{"footnotes":""},"class_list":["post-73","page","type-page","status-publish","hentry","no-post-thumbnail","post-grid-3-col","entry"],"_links":{"self":[{"href":"https:\/\/qigong-zentrum-muc.de\/index.php?rest_route=\/wp\/v2\/pages\/73","targetHints":{"allow":["GET"]}}],"collection":[{"href":"https:\/\/qigong-zentrum-muc.de\/index.php?rest_route=\/wp\/v2\/pages"}],"about":[{"href":"https:\/\/qigong-zentrum-muc.de\/index.php?rest_route=\/wp\/v2\/types\/page"}],"author":[{"embeddable":true,"href":"https:\/\/qigong-zentrum-muc.de\/index.php?rest_route=\/wp\/v2\/users\/1"}],"replies":[{"embeddable":true,"href":"https:\/\/qigong-zentrum-muc.de\/index.php?rest_route=%2Fwp%2Fv2%2Fcomments&post=73"}],"version-history":[{"count":16,"href":"https:\/\/qigong-zentrum-muc.de\/index.php?rest_route=\/wp\/v2\/pages\/73\/revisions"}],"predecessor-version":[{"id":366,"href":"https:\/\/qigong-zentrum-muc.de\/index.php?rest_route=\/wp\/v2\/pages\/73\/revisions\/366"}],"wp:attachment":[{"href":"https:\/\/qigong-zentrum-muc.de\/index.php?rest_route=%2Fwp%2Fv2%2Fmedia&parent=73"}],"curies":[{"name":"wp","href":"https:\/\/api.w.org\/{rel}","templated":true}]}}